{"id":29,"date":"2014-10-19T12:19:04","date_gmt":"2014-10-19T10:19:04","guid":{"rendered":"http:\/\/nicodeluxe.de\/wordpress\/?page_id=29"},"modified":"2018-10-03T18:46:41","modified_gmt":"2018-10-03T16:46:41","slug":"booking","status":"publish","type":"page","link":"https:\/\/nicodeluxe.de\/wordpress\/booking\/","title":{"rendered":"Downloads"},"content":{"rendered":"<div class=\"textbox\">\n<div class=\"innen\">\n<h2>Von Musik zu Zahlen!<\/h2>\n<p>Als Booking-Interessent und Veranstalter finden Sie hier nochmal die wichtigsten Infos zur Band in Schrift und Bild als pdf-Dateien zum Download.<\/p>\n<p>Ebenso bieten wir Ihnen eine kleine, auf verschiedenen Veranstaltungen abgestimmte Preisliste. Diese erhebt aufgrund der Vielzahl der M\u00f6glichkeiten keinen Anspruch auf Vollst\u00e4ndigkeit. Im Zweifelsfall stehen wir Ihnen gerne nach Kontaktaufnahme zu einem pers\u00f6nlichen Gespr\u00e4ch zur Verf\u00fcgung.<\/p>\n<div class=\"su-row\">\n<div class=\"su-column su-column-size-1-3\"><div class=\"su-column-inner su-u-clearfix su-u-trim\"><a href=\"https:\/\/nicodeluxe.de\/wordpress\/wp-content\/uploads\/2018\/10\/nicodeluxe_preisliste.pdf\" target=\"_blank\" rel=\"noopener\"><img loading=\"lazy\" decoding=\"async\" class=\"aligncenter wp-image-271 size-full\" src=\"https:\/\/nicodeluxe.de\/wordpress\/wp-content\/uploads\/2014\/12\/button_PL.jpg\" alt=\"\" width=\"100\" height=\"100\" \/><\/a><\/div><\/div>\n<div class=\"su-column su-column-size-1-3\"><div class=\"su-column-inner su-u-clearfix su-u-trim\"><a href=\"https:\/\/nicodeluxe.de\/wordpress\/wp-content\/uploads\/2018\/10\/Stagepl\u00e4ne-Nico-Deluxe.pdf\" target=\"_blank\" rel=\"noopener\"><img loading=\"lazy\" decoding=\"async\" class=\"aligncenter wp-image-278 size-full\" src=\"https:\/\/nicodeluxe.de\/wordpress\/wp-content\/uploads\/2014\/12\/button_SP.jpg\" alt=\"\" width=\"100\" height=\"100\" \/><\/a><\/div><\/div>\n<div class=\"su-column su-column-size-1-3\"><div class=\"su-column-inner su-u-clearfix su-u-trim\"><a href=\"https:\/\/nicodeluxe.de\/wordpress\/wp-content\/uploads\/2018\/10\/nicodeluxe_Programm.pdf\" target=\"_blank\" rel=\"noopener\"><img loading=\"lazy\" decoding=\"async\" class=\"aligncenter wp-image-260 size-full\" src=\"https:\/\/nicodeluxe.de\/wordpress\/wp-content\/uploads\/2014\/12\/button_SL.jpg\" alt=\"\" width=\"100\" height=\"100\" \/><\/a><\/div><\/div>\n<\/div>\n<div class=\"su-row\">\n<div class=\"su-column su-column-size-1-3\"><div class=\"su-column-inner su-u-clearfix su-u-trim\"><a href=\"https:\/\/nicodeluxe.de\/wordpress\/wp-content\/uploads\/2018\/10\/nicodeluxe_pressetext.pdf\" target=\"_blank\" rel=\"noopener\"><img loading=\"lazy\" decoding=\"async\" class=\"aligncenter wp-image-267 size-full\" src=\"https:\/\/nicodeluxe.de\/wordpress\/wp-content\/uploads\/2014\/12\/button_PI.jpg\" alt=\"\" width=\"100\" height=\"100\" \/><\/a><\/div><\/div>\n<div class=\"su-column su-column-size-1-3\"><div class=\"su-column-inner su-u-clearfix su-u-trim\"><a href=\"https:\/\/nicodeluxe.de\/wordpress\/wp-content\/uploads\/2014\/11\/Collage_04_kleiner.jpg\" target=\"_blank\" rel=\"noopener\"><img loading=\"lazy\" decoding=\"async\" class=\"wp-image-266 size-full aligncenter\" src=\"https:\/\/nicodeluxe.de\/wordpress\/wp-content\/uploads\/2014\/12\/button_PF.jpg\" alt=\"\" width=\"100\" height=\"100\" \/><\/a><\/div><\/div>\n<div class=\"su-column su-column-size-1-3\"><div class=\"su-column-inner su-u-clearfix su-u-trim\"><a href=\"https:\/\/nicodeluxe.de\/wordpress\/wp-content\/uploads\/2014\/12\/button_BP.jpg\" target=\"_blank\" rel=\"noopener\"><img loading=\"lazy\" decoding=\"async\" class=\"wp-image-269 size-full aligncenter\" src=\"https:\/\/nicodeluxe.de\/wordpress\/wp-content\/uploads\/2014\/12\/button_BP.jpg\" alt=\"\" width=\"100\" height=\"100\" \/><\/a><\/div><\/div>\n<\/div>\n<p>&nbsp;<\/p>\n<\/div>\n<\/div>\n","protected":false},"excerpt":{"rendered":"<p>Von Musik zu Zahlen! Als Booking-Interessent und Veranstalter finden Sie hier nochmal die wichtigsten Infos zur Band in Schrift und Bild als pdf-Dateien zum Download. Ebenso bieten wir Ihnen eine kleine, auf verschiedenen Veranstaltungen abgestimmte Preisliste. Diese erhebt aufgrund der Vielzahl der M\u00f6glichkeiten keinen Anspruch auf Vollst\u00e4ndigkeit. Im Zweifelsfall stehen wir Ihnen gerne nach Kontaktaufnahme [&hellip;]<\/p>\n","protected":false},"author":1,"featured_media":0,"parent":0,"menu_order":0,"comment_status":"closed","ping_status":"closed","template":"page-templates\/front-page.php","meta":{"_crdt_document":"","footnotes":""},"class_list":["post-29","page","type-page","status-publish","hentry"],"yoast_head":"<!-- This site is optimized with the Yoast SEO plugin v27.5 - https:\/\/yoast.com\/product\/yoast-seo-wordpress\/ -->\n<title>Downloads | Nico Deluxe<\/title>\n<meta name=\"robots\" content=\"index, follow, max-snippet:-1, max-image-preview:large, max-video-preview:-1\" \/>\n<link rel=\"canonical\" href=\"https:\/\/nicodeluxe.de\/wordpress\/booking\/\" \/>\n<meta property=\"og:locale\" content=\"de_DE\" \/>\n<meta property=\"og:type\" content=\"article\" \/>\n<meta property=\"og:title\" content=\"Downloads | Nico Deluxe\" \/>\n<meta property=\"og:description\" content=\"Von Musik zu Zahlen! Als Booking-Interessent und Veranstalter finden Sie hier nochmal die wichtigsten Infos zur Band in Schrift und Bild als pdf-Dateien zum Download. Ebenso bieten wir Ihnen eine kleine, auf verschiedenen Veranstaltungen abgestimmte Preisliste. Diese erhebt aufgrund der Vielzahl der M\u00f6glichkeiten keinen Anspruch auf Vollst\u00e4ndigkeit. Im Zweifelsfall stehen wir Ihnen gerne nach Kontaktaufnahme [&hellip;]\" \/>\n<meta property=\"og:url\" content=\"https:\/\/nicodeluxe.de\/wordpress\/booking\/\" \/>\n<meta property=\"og:site_name\" content=\"Nico Deluxe\" \/>\n<meta property=\"article:modified_time\" content=\"2018-10-03T16:46:41+00:00\" \/>\n<meta property=\"og:image\" content=\"https:\/\/nicodeluxe.de\/wordpress\/wp-content\/uploads\/2014\/12\/button_PL.jpg\" \/>\n<meta name=\"twitter:card\" content=\"summary_large_image\" \/>\n<meta name=\"twitter:label1\" content=\"Gesch\u00e4tzte Lesezeit\" \/>\n\t<meta name=\"twitter:data1\" content=\"1\u00a0Minute\" \/>\n<script type=\"application\/ld+json\" class=\"yoast-schema-graph\">{\"@context\":\"https:\\\/\\\/schema.org\",\"@graph\":[{\"@type\":\"WebPage\",\"@id\":\"https:\\\/\\\/nicodeluxe.de\\\/wordpress\\\/booking\\\/\",\"url\":\"https:\\\/\\\/nicodeluxe.de\\\/wordpress\\\/booking\\\/\",\"name\":\"Downloads | Nico Deluxe\",\"isPartOf\":{\"@id\":\"https:\\\/\\\/nicodeluxe.de\\\/wordpress\\\/#website\"},\"primaryImageOfPage\":{\"@id\":\"https:\\\/\\\/nicodeluxe.de\\\/wordpress\\\/booking\\\/#primaryimage\"},\"image\":{\"@id\":\"https:\\\/\\\/nicodeluxe.de\\\/wordpress\\\/booking\\\/#primaryimage\"},\"thumbnailUrl\":\"https:\\\/\\\/nicodeluxe.de\\\/wordpress\\\/wp-content\\\/uploads\\\/2014\\\/12\\\/button_PL.jpg\",\"datePublished\":\"2014-10-19T10:19:04+00:00\",\"dateModified\":\"2018-10-03T16:46:41+00:00\",\"breadcrumb\":{\"@id\":\"https:\\\/\\\/nicodeluxe.de\\\/wordpress\\\/booking\\\/#breadcrumb\"},\"inLanguage\":\"de\",\"potentialAction\":[{\"@type\":\"ReadAction\",\"target\":[\"https:\\\/\\\/nicodeluxe.de\\\/wordpress\\\/booking\\\/\"]}]},{\"@type\":\"ImageObject\",\"inLanguage\":\"de\",\"@id\":\"https:\\\/\\\/nicodeluxe.de\\\/wordpress\\\/booking\\\/#primaryimage\",\"url\":\"https:\\\/\\\/nicodeluxe.de\\\/wordpress\\\/wp-content\\\/uploads\\\/2014\\\/12\\\/button_PL.jpg\",\"contentUrl\":\"https:\\\/\\\/nicodeluxe.de\\\/wordpress\\\/wp-content\\\/uploads\\\/2014\\\/12\\\/button_PL.jpg\",\"width\":100,\"height\":100},{\"@type\":\"BreadcrumbList\",\"@id\":\"https:\\\/\\\/nicodeluxe.de\\\/wordpress\\\/booking\\\/#breadcrumb\",\"itemListElement\":[{\"@type\":\"ListItem\",\"position\":1,\"name\":\"Startseite\",\"item\":\"https:\\\/\\\/nicodeluxe.de\\\/wordpress\\\/\"},{\"@type\":\"ListItem\",\"position\":2,\"name\":\"Downloads\"}]},{\"@type\":\"WebSite\",\"@id\":\"https:\\\/\\\/nicodeluxe.de\\\/wordpress\\\/#website\",\"url\":\"https:\\\/\\\/nicodeluxe.de\\\/wordpress\\\/\",\"name\":\"Nico Deluxe\",\"description\":\"Live-Event-Band\",\"publisher\":{\"@id\":\"https:\\\/\\\/nicodeluxe.de\\\/wordpress\\\/#organization\"},\"potentialAction\":[{\"@type\":\"SearchAction\",\"target\":{\"@type\":\"EntryPoint\",\"urlTemplate\":\"https:\\\/\\\/nicodeluxe.de\\\/wordpress\\\/?s={search_term_string}\"},\"query-input\":{\"@type\":\"PropertyValueSpecification\",\"valueRequired\":true,\"valueName\":\"search_term_string\"}}],\"inLanguage\":\"de\"},{\"@type\":\"Organization\",\"@id\":\"https:\\\/\\\/nicodeluxe.de\\\/wordpress\\\/#organization\",\"name\":\"Nico Deluxe\",\"url\":\"https:\\\/\\\/nicodeluxe.de\\\/wordpress\\\/\",\"logo\":{\"@type\":\"ImageObject\",\"inLanguage\":\"de\",\"@id\":\"https:\\\/\\\/nicodeluxe.de\\\/wordpress\\\/#\\\/schema\\\/logo\\\/image\\\/\",\"url\":\"https:\\\/\\\/nicodeluxe.de\\\/wordpress\\\/wp-content\\\/uploads\\\/2014\\\/11\\\/logo_nicodeluxe1.png\",\"contentUrl\":\"https:\\\/\\\/nicodeluxe.de\\\/wordpress\\\/wp-content\\\/uploads\\\/2014\\\/11\\\/logo_nicodeluxe1.png\",\"width\":400,\"height\":400,\"caption\":\"Nico Deluxe\"},\"image\":{\"@id\":\"https:\\\/\\\/nicodeluxe.de\\\/wordpress\\\/#\\\/schema\\\/logo\\\/image\\\/\"}}]}<\/script>\n<!-- \/ Yoast SEO plugin. -->","yoast_head_json":{"title":"Downloads | Nico Deluxe","robots":{"index":"index","follow":"follow","max-snippet":"max-snippet:-1","max-image-preview":"max-image-preview:large","max-video-preview":"max-video-preview:-1"},"canonical":"https:\/\/nicodeluxe.de\/wordpress\/booking\/","og_locale":"de_DE","og_type":"article","og_title":"Downloads | Nico Deluxe","og_description":"Von Musik zu Zahlen! Als Booking-Interessent und Veranstalter finden Sie hier nochmal die wichtigsten Infos zur Band in Schrift und Bild als pdf-Dateien zum Download. Ebenso bieten wir Ihnen eine kleine, auf verschiedenen Veranstaltungen abgestimmte Preisliste. Diese erhebt aufgrund der Vielzahl der M\u00f6glichkeiten keinen Anspruch auf Vollst\u00e4ndigkeit. Im Zweifelsfall stehen wir Ihnen gerne nach Kontaktaufnahme [&hellip;]","og_url":"https:\/\/nicodeluxe.de\/wordpress\/booking\/","og_site_name":"Nico Deluxe","article_modified_time":"2018-10-03T16:46:41+00:00","og_image":[{"url":"https:\/\/nicodeluxe.de\/wordpress\/wp-content\/uploads\/2014\/12\/button_PL.jpg","type":"","width":"","height":""}],"twitter_card":"summary_large_image","twitter_misc":{"Gesch\u00e4tzte Lesezeit":"1\u00a0Minute"},"schema":{"@context":"https:\/\/schema.org","@graph":[{"@type":"WebPage","@id":"https:\/\/nicodeluxe.de\/wordpress\/booking\/","url":"https:\/\/nicodeluxe.de\/wordpress\/booking\/","name":"Downloads | Nico Deluxe","isPartOf":{"@id":"https:\/\/nicodeluxe.de\/wordpress\/#website"},"primaryImageOfPage":{"@id":"https:\/\/nicodeluxe.de\/wordpress\/booking\/#primaryimage"},"image":{"@id":"https:\/\/nicodeluxe.de\/wordpress\/booking\/#primaryimage"},"thumbnailUrl":"https:\/\/nicodeluxe.de\/wordpress\/wp-content\/uploads\/2014\/12\/button_PL.jpg","datePublished":"2014-10-19T10:19:04+00:00","dateModified":"2018-10-03T16:46:41+00:00","breadcrumb":{"@id":"https:\/\/nicodeluxe.de\/wordpress\/booking\/#breadcrumb"},"inLanguage":"de","potentialAction":[{"@type":"ReadAction","target":["https:\/\/nicodeluxe.de\/wordpress\/booking\/"]}]},{"@type":"ImageObject","inLanguage":"de","@id":"https:\/\/nicodeluxe.de\/wordpress\/booking\/#primaryimage","url":"https:\/\/nicodeluxe.de\/wordpress\/wp-content\/uploads\/2014\/12\/button_PL.jpg","contentUrl":"https:\/\/nicodeluxe.de\/wordpress\/wp-content\/uploads\/2014\/12\/button_PL.jpg","width":100,"height":100},{"@type":"BreadcrumbList","@id":"https:\/\/nicodeluxe.de\/wordpress\/booking\/#breadcrumb","itemListElement":[{"@type":"ListItem","position":1,"name":"Startseite","item":"https:\/\/nicodeluxe.de\/wordpress\/"},{"@type":"ListItem","position":2,"name":"Downloads"}]},{"@type":"WebSite","@id":"https:\/\/nicodeluxe.de\/wordpress\/#website","url":"https:\/\/nicodeluxe.de\/wordpress\/","name":"Nico Deluxe","description":"Live-Event-Band","publisher":{"@id":"https:\/\/nicodeluxe.de\/wordpress\/#organization"},"potentialAction":[{"@type":"SearchAction","target":{"@type":"EntryPoint","urlTemplate":"https:\/\/nicodeluxe.de\/wordpress\/?s={search_term_string}"},"query-input":{"@type":"PropertyValueSpecification","valueRequired":true,"valueName":"search_term_string"}}],"inLanguage":"de"},{"@type":"Organization","@id":"https:\/\/nicodeluxe.de\/wordpress\/#organization","name":"Nico Deluxe","url":"https:\/\/nicodeluxe.de\/wordpress\/","logo":{"@type":"ImageObject","inLanguage":"de","@id":"https:\/\/nicodeluxe.de\/wordpress\/#\/schema\/logo\/image\/","url":"https:\/\/nicodeluxe.de\/wordpress\/wp-content\/uploads\/2014\/11\/logo_nicodeluxe1.png","contentUrl":"https:\/\/nicodeluxe.de\/wordpress\/wp-content\/uploads\/2014\/11\/logo_nicodeluxe1.png","width":400,"height":400,"caption":"Nico Deluxe"},"image":{"@id":"https:\/\/nicodeluxe.de\/wordpress\/#\/schema\/logo\/image\/"}}]}},"_links":{"self":[{"href":"https:\/\/nicodeluxe.de\/wordpress\/wp-json\/wp\/v2\/pages\/29","targetHints":{"allow":["GET"]}}],"collection":[{"href":"https:\/\/nicodeluxe.de\/wordpress\/wp-json\/wp\/v2\/pages"}],"about":[{"href":"https:\/\/nicodeluxe.de\/wordpress\/wp-json\/wp\/v2\/types\/page"}],"author":[{"embeddable":true,"href":"https:\/\/nicodeluxe.de\/wordpress\/wp-json\/wp\/v2\/users\/1"}],"replies":[{"embeddable":true,"href":"https:\/\/nicodeluxe.de\/wordpress\/wp-json\/wp\/v2\/comments?post=29"}],"version-history":[{"count":44,"href":"https:\/\/nicodeluxe.de\/wordpress\/wp-json\/wp\/v2\/pages\/29\/revisions"}],"predecessor-version":[{"id":478,"href":"https:\/\/nicodeluxe.de\/wordpress\/wp-json\/wp\/v2\/pages\/29\/revisions\/478"}],"wp:attachment":[{"href":"https:\/\/nicodeluxe.de\/wordpress\/wp-json\/wp\/v2\/media?parent=29"}],"curies":[{"name":"wp","href":"https:\/\/api.w.org\/{rel}","templated":true}]}}